{"id":123,"date":"2022-07-23T13:22:39","date_gmt":"2022-07-23T10:22:39","guid":{"rendered":"https:\/\/bb.tepish.net\/22\/?page_id=123"},"modified":"2022-09-22T00:54:54","modified_gmt":"2022-09-21T21:54:54","slug":"viikko-2","status":"publish","type":"page","link":"https:\/\/bb.tepish.net\/22\/index.php\/viikko-2\/","title":{"rendered":"VIIKKO 2"},"content":{"rendered":"\t\t<div data-elementor-type=\"wp-page\" data-elementor-id=\"123\" class=\"elementor elementor-123\">\n\t\t\t\t\t\t\t\t\t<section class=\"elementor-section elementor-top-section elementor-element elementor-element-ccf50b2 elementor-section-boxed elementor-section-height-default elementor-section-height-default\" data-id=\"ccf50b2\" data-element_type=\"section\">\n\t\t\t\t\t\t<div class=\"elementor-container elementor-column-gap-default\">\n\t\t\t\t\t<div class=\"elementor-column elementor-col-100 elementor-top-column elementor-element elementor-element-24bf2ad\" data-id=\"24bf2ad\" data-element_type=\"column\">\n\t\t\t<div class=\"elementor-widget-wrap elementor-element-populated\">\n\t\t\t\t\t\t\t\t<div class=\"elementor-element elementor-element-085557c elementor-widget elementor-widget-timeline-widget-addon\" data-id=\"085557c\" data-element_type=\"widget\" data-widget_type=\"timeline-widget-addon.default\">\n\t\t\t\t<div class=\"elementor-widget-container\">\n\t\t\t<!-- ========= Timeline Widget Addon For Elementor 1.4 ========= -->\r\n<div id=\"twae-wrapper-085557c\" class=\"twae-vertical twae-wrapper  twae-both-sided \">   \r\n    <div class=\"twae-start\"><\/div>    \r\n    <div id=\"twea-timeline-085557c\" class=\"twae-timeline\" ><div id=\"story-3f65902\" class=\"twae-story twae-repeater-item twae-story-right twae-story-icon\">\r\n                <div class=\"twae-labels\" ><div class=\"twae-label-big\">4.9.2022<\/div><div class=\"twae-label-small\">VIIKKO 2<\/div><\/div><div class=\"twae-icon\"><i aria-hidden=\"true\" class=\"fas fa-calendar-day\"><\/i><\/div><div class=\"twae-arrow\"><\/div><div class=\"twae-content\"><div class=\"twae-title\">Toinen viikko alkaa<\/div><div class=\"twae-media  large\"><img width=\"640\" height=\"360\" src=\"https:\/\/bb.tepish.net\/22\/wp-content\/uploads\/2022\/03\/big_brother_suomi_kausi_5_logo-1024x576.jpg\" class=\"attachment-large size-large\" alt=\"\" loading=\"lazy\" srcset=\"https:\/\/bb.tepish.net\/22\/wp-content\/uploads\/2022\/03\/big_brother_suomi_kausi_5_logo-1024x576.jpg 1024w, https:\/\/bb.tepish.net\/22\/wp-content\/uploads\/2022\/03\/big_brother_suomi_kausi_5_logo-300x169.jpg 300w, https:\/\/bb.tepish.net\/22\/wp-content\/uploads\/2022\/03\/big_brother_suomi_kausi_5_logo-768x432.jpg 768w, https:\/\/bb.tepish.net\/22\/wp-content\/uploads\/2022\/03\/big_brother_suomi_kausi_5_logo-1536x864.jpg 1536w, https:\/\/bb.tepish.net\/22\/wp-content\/uploads\/2022\/03\/big_brother_suomi_kausi_5_logo-2048x1152.jpg 2048w\" sizes=\"(max-width: 640px) 100vw, 640px\" \/><\/div><div class=\"twae-description\"><p>VIIKKO ALKAA UUSILLA ASUKKAILLA<\/p><\/div>\r\n                <\/div>\r\n        <\/div><div id=\"story-b4574b0\" class=\"twae-story twae-repeater-item twae-story-left twae-story-icon\">\r\n                <div class=\"twae-labels\" ><div class=\"twae-label-big\">P\u00c4IV\u00c4 1<\/div><div class=\"twae-label-small\">TAPAHTUMAA<\/div><\/div><div class=\"twae-icon\"><i aria-hidden=\"true\" class=\"far fa-calendar-check\"><\/i><\/div><div class=\"twae-arrow\"><\/div><div class=\"twae-content\"><div class=\"twae-title\">UUSI VIIKKO BB TALOSSA<\/div><div class=\"twae-description\"><ul><li>Aamun juonien j\u00e4lkeen tulee her\u00e4tys ja patterin vaihto.<\/li><li>Kauppateht\u00e4v\u00e4 alkaa iltap\u00e4iv\u00e4ll\u00e4<\/li><li>Samalla uudet asukkaat ilmestyv\u00e4t pihalle<\/li><li>Rakentaminen jatkuu y\u00f6h\u00f6n saakka<\/li><li>Rakentamisen ohessa juonitaan niin ty\u00f6maa kopissa, kuin muuallakin.<\/li><\/ul><\/div>\r\n                <\/div>\r\n        <\/div><div id=\"story-defebea\" class=\"twae-story twae-repeater-item twae-story-right twae-story-icon\">\r\n                <div class=\"twae-labels\" ><div class=\"twae-label-big\">P\u00c4IV\u00c4 2<\/div><div class=\"twae-label-small\">TAPHTUMAA<\/div><\/div><div class=\"twae-icon\"><i aria-hidden=\"true\" class=\"fas fa-calendar-check\"><\/i><\/div><div class=\"twae-arrow\"><\/div><div class=\"twae-content\"><div class=\"twae-title\">TY\u00d6T\u00c4 RIITT\u00c4\u00c4<\/div><div class=\"twae-description\"><ul><li>Rakentaminen jatkuu ja huvimaja nousee pystyyn.<\/li><li>Iltap\u00e4iv\u00e4ll\u00e4 rakentaminen p\u00e4\u00e4ttyy ja tulee loppu tulos<\/li><li>Kauppaan p\u00e4\u00e4st\u00e4\u00e4n huimalla 560 \u20ac budjetilla<\/li><li>Kauppatavarat toimitetaan taloon<\/li><\/ul><\/div>\r\n                <\/div>\r\n        <\/div><div id=\"story-261a11c\" class=\"twae-story twae-repeater-item twae-story-left twae-story-icon\">\r\n                <div class=\"twae-labels\" ><div class=\"twae-label-big\">LOPPU VIIKKO<\/div><div class=\"twae-label-small\">TAPHTUMAA<\/div><\/div><div class=\"twae-icon\"><i aria-hidden=\"true\" class=\"fas fa-calendar-check\"><\/i><\/div><div class=\"twae-arrow\"><\/div><div class=\"twae-content\"><div class=\"twae-title\">SIT\u00c4 JA T\u00c4T\u00c4<\/div><div class=\"twae-description\"><p>Yksi asukas saa j\u00e4lleen l\u00e4ht\u00f6passit asukkaiden toimesta<\/p><p>Uudet asukkaat saapuvat j\u00e4lleen perjantaina.<\/p><p>H\u00e4\u00e4t\u00f6kilpailu tasapeliksi ja kova v\u00e4\u00e4nt\u00f6 vie Miikan h\u00e4\u00e4t\u00f6\u00f6n Heidin tilalle.<\/p><p>Perjantai sis\u00e4lt\u00e4\u00e4 rankkua s\u00e4\u00e4nt\u00f6rikkomuksesta Sofia saa oman rangaistuksen silm\u00e4laput nukuttuaan edellisp\u00e4iv\u00e4n\u00e4 luvatta.\u00a0<\/p><p>Aiemmat toimet tiskit, kylm\u00e4suihku ja j\u00e4\u00e4kaapin avain keskittyy yhdelle.<\/p><p>Uudet asukkaat saavat polkea talon saunan kuumaksi ja tulee ensimm\u00e4iset kaikkien bailut.<\/p><p>Rauhallisempi lauantai sis\u00e4lt\u00e4\u00e4 pient\u00e4 puuhaa Foodora pussien ruuan ja isoveljen m\u00e4\u00e4r\u00e4mien keskustelu aiheiden muodossa.<\/p><p>Sunnuntaina koittaa j\u00e4lleen h\u00e4\u00e4t\u00f6p\u00e4iv\u00e4 ja p\u00e4iv\u00e4ll\u00e4 huvimajaa viimeistell\u00e4\u00e4n ja sinne saadaan iso puutarhatonttu.<\/p><\/div>\r\n                <\/div>\r\n        <\/div><\/div>\r\n    <div class=\"twae-end\"><\/div>\r\n    <\/div><style type=\"text\/css\">.elementor-123 .elementor-element.elementor-element-085557c .twae-wrapper.twae-vertical .twae-story{margin-bottom:60px!important}<\/style>\t\t<\/div>\n\t\t\t\t<\/div>\n\t\t\t\t<div class=\"elementor-element elementor-element-4ca8f58 elementor-widget-divider--view-line elementor-widget elementor-widget-divider\" data-id=\"4ca8f58\" data-element_type=\"widget\" data-widget_type=\"divider.default\">\n\t\t\t\t<div class=\"elementor-widget-container\">\n\t\t\t<style>\/*! elementor - v3.8.1 - 13-11-2022 *\/\n.elementor-widget-divider{--divider-border-style:none;--divider-border-width:1px;--divider-color:#2c2c2c;--divider-icon-size:20px;--divider-element-spacing:10px;--divider-pattern-height:24px;--divider-pattern-size:20px;--divider-pattern-url:none;--divider-pattern-repeat:repeat-x}.elementor-widget-divider .elementor-divider{display:-webkit-box;display:-ms-flexbox;display:flex}.elementor-widget-divider .elementor-divider__text{font-size:15px;line-height:1;max-width:95%}.elementor-widget-divider .elementor-divider__element{margin:0 var(--divider-element-spacing);-ms-flex-negative:0;flex-shrink:0}.elementor-widget-divider .elementor-icon{font-size:var(--divider-icon-size)}.elementor-widget-divider .elementor-divider-separator{display:-webkit-box;display:-ms-flexbox;display:flex;margin:0;direction:ltr}.elementor-widget-divider--view-line_icon .elementor-divider-separator,.elementor-widget-divider--view-line_text .elementor-divider-separator{-webkit-box-align:center;-ms-flex-align:center;align-items:center}.elementor-widget-divider--view-line_icon .elementor-divider-separator:after,.elementor-widget-divider--view-line_icon .elementor-divider-separator:before,.elementor-widget-divider--view-line_text .elementor-divider-separator:after,.elementor-widget-divider--view-line_text .elementor-divider-separator:before{display:block;content:\"\";border-bottom:0;-webkit-box-flex:1;-ms-flex-positive:1;flex-grow:1;border-top:var(--divider-border-width) var(--divider-border-style) var(--divider-color)}.elementor-widget-divider--element-align-left .elementor-divider .elementor-divider-separator>.elementor-divider__svg:first-of-type{-webkit-box-flex:0;-ms-flex-positive:0;flex-grow:0;-ms-flex-negative:100;flex-shrink:100}.elementor-widget-divider--element-align-left .elementor-divider-separator:before{content:none}.elementor-widget-divider--element-align-left .elementor-divider__element{margin-left:0}.elementor-widget-divider--element-align-right .elementor-divider .elementor-divider-separator>.elementor-divider__svg:last-of-type{-webkit-box-flex:0;-ms-flex-positive:0;flex-grow:0;-ms-flex-negative:100;flex-shrink:100}.elementor-widget-divider--element-align-right .elementor-divider-separator:after{content:none}.elementor-widget-divider--element-align-right .elementor-divider__element{margin-right:0}.elementor-widget-divider:not(.elementor-widget-divider--view-line_text):not(.elementor-widget-divider--view-line_icon) .elementor-divider-separator{border-top:var(--divider-border-width) var(--divider-border-style) var(--divider-color)}.elementor-widget-divider--separator-type-pattern{--divider-border-style:none}.elementor-widget-divider--separator-type-pattern.elementor-widget-divider--view-line .elementor-divider-separator,.elementor-widget-divider--separator-type-pattern:not(.elementor-widget-divider--view-line) .elementor-divider-separator:after,.elementor-widget-divider--separator-type-pattern:not(.elementor-widget-divider--view-line) .elementor-divider-separator:before,.elementor-widget-divider--separator-type-pattern:not([class*=elementor-widget-divider--view]) .elementor-divider-separator{width:100%;min-height:var(--divider-pattern-height);-webkit-mask-size:var(--divider-pattern-size) 100%;mask-size:var(--divider-pattern-size) 100%;-webkit-mask-repeat:var(--divider-pattern-repeat);mask-repeat:var(--divider-pattern-repeat);background-color:var(--divider-color);-webkit-mask-image:var(--divider-pattern-url);mask-image:var(--divider-pattern-url)}.elementor-widget-divider--no-spacing{--divider-pattern-size:auto}.elementor-widget-divider--bg-round{--divider-pattern-repeat:round}.rtl .elementor-widget-divider .elementor-divider__text{direction:rtl}.e-con-inner>.elementor-widget-divider,.e-con>.elementor-widget-divider{width:var(--container-widget-width,100%)}<\/style>\t\t<div class=\"elementor-divider\">\n\t\t\t<span class=\"elementor-divider-separator\">\n\t\t\t\t\t\t<\/span>\n\t\t<\/div>\n\t\t\t\t<\/div>\n\t\t\t\t<\/div>\n\t\t\t\t<section class=\"elementor-section elementor-inner-section elementor-element elementor-element-761ba27 elementor-section-boxed elementor-section-height-default elementor-section-height-default\" data-id=\"761ba27\" data-element_type=\"section\">\n\t\t\t\t\t\t<div class=\"elementor-container elementor-column-gap-default\">\n\t\t\t\t\t<div class=\"elementor-column elementor-col-50 elementor-inner-column elementor-element elementor-element-7cb6ad6\" data-id=\"7cb6ad6\" data-element_type=\"column\">\n\t\t\t<div class=\"elementor-widget-wrap elementor-element-populated\">\n\t\t\t\t\t\t\t\t<div class=\"elementor-element elementor-element-2bd012d elementor-widget elementor-widget-heading\" data-id=\"2bd012d\" data-element_type=\"widget\" data-widget_type=\"heading.default\">\n\t\t\t\t<div class=\"elementor-widget-container\">\n\t\t\t<style>\/*! elementor - v3.8.1 - 13-11-2022 *\/\n.elementor-heading-title{padding:0;margin:0;line-height:1}.elementor-widget-heading .elementor-heading-title[class*=elementor-size-]>a{color:inherit;font-size:inherit;line-height:inherit}.elementor-widget-heading .elementor-heading-title.elementor-size-small{font-size:15px}.elementor-widget-heading .elementor-heading-title.elementor-size-medium{font-size:19px}.elementor-widget-heading .elementor-heading-title.elementor-size-large{font-size:29px}.elementor-widget-heading .elementor-heading-title.elementor-size-xl{font-size:39px}.elementor-widget-heading .elementor-heading-title.elementor-size-xxl{font-size:59px}<\/style><h2 class=\"elementor-heading-title elementor-size-default\">TEHT\u00c4V\u00c4T<\/h2>\t\t<\/div>\n\t\t\t\t<\/div>\n\t\t\t\t\t<\/div>\n\t\t<\/div>\n\t\t\t\t<div class=\"elementor-column elementor-col-50 elementor-inner-column elementor-element elementor-element-448cb69\" data-id=\"448cb69\" data-element_type=\"column\">\n\t\t\t<div class=\"elementor-widget-wrap elementor-element-populated\">\n\t\t\t\t\t\t\t\t<div class=\"elementor-element elementor-element-c7e0260 elementor-widget elementor-widget-text-editor\" data-id=\"c7e0260\" data-element_type=\"widget\" data-widget_type=\"text-editor.default\">\n\t\t\t\t<div class=\"elementor-widget-container\">\n\t\t\t<style>\/*! elementor - v3.8.1 - 13-11-2022 *\/\n.elementor-widget-text-editor.elementor-drop-cap-view-stacked .elementor-drop-cap{background-color:#818a91;color:#fff}.elementor-widget-text-editor.elementor-drop-cap-view-framed .elementor-drop-cap{color:#818a91;border:3px solid;background-color:transparent}.elementor-widget-text-editor:not(.elementor-drop-cap-view-default) .elementor-drop-cap{margin-top:8px}.elementor-widget-text-editor:not(.elementor-drop-cap-view-default) .elementor-drop-cap-letter{width:1em;height:1em}.elementor-widget-text-editor .elementor-drop-cap{float:left;text-align:center;line-height:1;font-size:50px}.elementor-widget-text-editor .elementor-drop-cap-letter{display:inline-block}<\/style>\t\t\t\t<p><strong>Teht\u00e4vill\u00e4 on oma aikajanansa, joka viikko.<\/strong><\/p>\t\t\t\t\t\t<\/div>\n\t\t\t\t<\/div>\n\t\t\t\t\t<\/div>\n\t\t<\/div>\n\t\t\t\t\t\t\t<\/div>\n\t\t<\/section>\n\t\t\t\t<div class=\"elementor-element elementor-element-cb74bf2 elementor-widget elementor-widget-timeline-widget-addon\" data-id=\"cb74bf2\" data-element_type=\"widget\" data-widget_type=\"timeline-widget-addon.default\">\n\t\t\t\t<div class=\"elementor-widget-container\">\n\t\t\t<!-- ========= Timeline Widget  Addon For Elementor 1.4 ========= -->\r\n<div id=\"twae-wrapper-cb74bf2\" class=\"twae-wrapper twae-horizontal-timeline\">\r\n<div class=\"twae-wrapper-inside\">\r\n <div id=\"twae-slider-container-cb74bf2\" data-dir=\"\" data-slidestoshow=\"2\" data-autoplay=\"false\" class=\"twae-slider-container swiper-container\">\r\n <div  class=\"twae-slider-wrapper swiper-wrapper no-height\"><div  id=\"twae-article-ab4f334\" class=\"twae-repeater-item twae-story swiper-slide twae-story-icon twae-position-40-50\"><div class=\"twae-story-line\"><\/div><div class=\"twae-labels\">\r\n                       <div class=\"twae-label-big\">VIIKKO 2<\/div><div class=\"twae-label-small\">Kauppateht\u00e4v\u00e4<\/div>\r\n                     <\/div><div class=\"twae-arrow\"><\/div><div class=\"twae-icon\"><i aria-hidden=\"true\" class=\"fas fa-eye\"><\/i><\/div><div class=\"twae-content\"><div class=\"twae-media medium\"><img width=\"300\" height=\"169\" src=\"https:\/\/bb.tepish.net\/22\/wp-content\/uploads\/2022\/03\/big_brother_suomi_kausi_5_logo-300x169.jpg\" class=\"attachment-medium size-medium\" alt=\"\" loading=\"lazy\" srcset=\"https:\/\/bb.tepish.net\/22\/wp-content\/uploads\/2022\/03\/big_brother_suomi_kausi_5_logo-300x169.jpg 300w, https:\/\/bb.tepish.net\/22\/wp-content\/uploads\/2022\/03\/big_brother_suomi_kausi_5_logo-1024x576.jpg 1024w, https:\/\/bb.tepish.net\/22\/wp-content\/uploads\/2022\/03\/big_brother_suomi_kausi_5_logo-768x432.jpg 768w, https:\/\/bb.tepish.net\/22\/wp-content\/uploads\/2022\/03\/big_brother_suomi_kausi_5_logo-1536x864.jpg 1536w, https:\/\/bb.tepish.net\/22\/wp-content\/uploads\/2022\/03\/big_brother_suomi_kausi_5_logo-2048x1152.jpg 2048w\" sizes=\"(max-width: 300px) 100vw, 300px\" \/><\/div><div class=\"twae-title\">Teht\u00e4v\u00e4n kuvaus<\/div>\r\n                    <div class=\"twae-description\"><p>Asukkaiden teht\u00e4v\u00e4ksi tuli rakentaa huvimaja talon pihalle.<\/p><p>Yll\u00e4tt\u00e4en kaksi uutta asukasta ilmaantuu teht\u00e4v\u00e4n alkaessa pihalle ja asukkaat luulevat ensin ett\u00e4 ne ovat jotain rakennusinsin\u00f6\u00f6rej\u00e4, mutta pian totuus paljastuu.<\/p><p>Uudet asukkaat ovat teht\u00e4v\u00e4n ty\u00f6njohtajia. Vain he saavat n\u00e4hd\u00e4 rakkennuspiirustukset ja mitat, jotka he toimittavat muille asukkaile, jotka rakentavat huvimajaa.<\/p><\/div>                        \r\n                <\/div>\r\n        <\/div><div  id=\"twae-article-cb56dd5\" class=\"twae-repeater-item twae-story swiper-slide twae-story-icon twae-position-40-50\"><div class=\"twae-story-line\"><\/div><div class=\"twae-labels\">\r\n                       <div class=\"twae-label-big\">P\u00c4IV\u00c4 1<\/div><div class=\"twae-label-small\">Teht\u00e4v\u00e4n suoritus<\/div>\r\n                     <\/div><div class=\"twae-arrow\"><\/div><div class=\"twae-icon\"><i aria-hidden=\"true\" class=\"fas fa-eye\"><\/i><\/div><div class=\"twae-content\"><div class=\"twae-title\">Rakentaminen alkaa<\/div>\r\n                    <div class=\"twae-description\"><p>Ensimm\u00e4isen\u00e4 p\u00e4iv\u00e4n\u00e4 alun s\u00e4hellyksen j\u00e4lkeen rakennus ty\u00f6t alkavat ja asukkaat saavat rakennettua mittojen mukan sahatuista laudoista rakennuksen pohjan ja portaat.<\/p><p>P\u00e4iv\u00e4 livahtaa y\u00f6n puolelle, mutta vain muutamalla tunnilla.<\/p><\/div>                        \r\n                <\/div>\r\n        <\/div><div  id=\"twae-article-5522d6a\" class=\"twae-repeater-item twae-story swiper-slide twae-story-icon twae-position-40-50\"><div class=\"twae-story-line\"><\/div><div class=\"twae-labels\">\r\n                       <div class=\"twae-label-big\">P\u00c4IV\u00c4 2<\/div><div class=\"twae-label-small\">Teht\u00e4v\u00e4n suoritus ja lopputulos<\/div>\r\n                     <\/div><div class=\"twae-arrow\"><\/div><div class=\"twae-icon\"><i aria-hidden=\"true\" class=\"fas fa-eye\"><\/i><\/div><div class=\"twae-content\"><div class=\"twae-title\">Rakentaminen jatkuu<\/div>\r\n                    <div class=\"twae-description\"><p>Rakentaminen menee yll\u00e4tt\u00e4v\u00e4nkin sutjakkaasti ja asukkaat saavat rakennettua huvimajan pitk\u00e4lti juuri niin kuin pitikin.<\/p><p>Isoveli on sit\u00e4 mielt\u00e4, ett\u00e4 rakennus on niin erinomainen, ett\u00e4 asukkaat saavat t\u00e4yden 560 \u20ac budjetin kauppaan<\/p><\/div>                        \r\n                <\/div>\r\n        <\/div><div  id=\"twae-article-472e930\" class=\"twae-repeater-item twae-story swiper-slide twae-story-icon twae-position-40-50\"><div class=\"twae-story-line\"><\/div><div class=\"twae-labels\">\r\n                       <div class=\"twae-label-big\">VIIKKO 2<\/div><div class=\"twae-label-small\">Pudotusteht\u00e4v\u00e4<\/div>\r\n                     <\/div><div class=\"twae-arrow\"><\/div><div class=\"twae-icon\"><i aria-hidden=\"true\" class=\"fas fa-eye\"><\/i><\/div><div class=\"twae-content\"><div class=\"twae-media medium\"><img width=\"300\" height=\"169\" src=\"https:\/\/bb.tepish.net\/22\/wp-content\/uploads\/2022\/03\/big_brother_suomi_kausi_5_logo-300x169.jpg\" class=\"attachment-medium size-medium\" alt=\"\" loading=\"lazy\" srcset=\"https:\/\/bb.tepish.net\/22\/wp-content\/uploads\/2022\/03\/big_brother_suomi_kausi_5_logo-300x169.jpg 300w, https:\/\/bb.tepish.net\/22\/wp-content\/uploads\/2022\/03\/big_brother_suomi_kausi_5_logo-1024x576.jpg 1024w, https:\/\/bb.tepish.net\/22\/wp-content\/uploads\/2022\/03\/big_brother_suomi_kausi_5_logo-768x432.jpg 768w, https:\/\/bb.tepish.net\/22\/wp-content\/uploads\/2022\/03\/big_brother_suomi_kausi_5_logo-1536x864.jpg 1536w, https:\/\/bb.tepish.net\/22\/wp-content\/uploads\/2022\/03\/big_brother_suomi_kausi_5_logo-2048x1152.jpg 2048w\" sizes=\"(max-width: 300px) 100vw, 300px\" \/><\/div><div class=\"twae-title\">Teht\u00e4v\u00e4n kuvaus<\/div>\r\n                    <div class=\"twae-description\"><p>Asukkaiden teht\u00e4v\u00e4ksi tulee pareittain koota palapeli. Toinen pareista etsii palat arkuissa olevasta hiekasta, joka p\u00f6llysi asukkaiden nenille ja sitten toimittivat palat kokoajan k\u00e4teen.<\/p><p>Kokoaja kokosi palapeli\u00e4 ja valmiiksi saatua isoveli tekee tarkistuksen.<\/p><p>Useiden valmis huutojen ja hylk\u00e4yksien j\u00e4lkeen lopulta Kirsi ja Reeo saavat palapelin valmiksi ja saavat nimet\u00e4 asukkaat h\u00e4\u00e4t\u00f6\u00f6n.<\/p><p>H\u00e4\u00e4t\u00f6\u00f6n menev\u00e4t Merve, Jerry ja Pirkka<\/p><\/div>                        \r\n                <\/div>\r\n        <\/div><div  id=\"twae-article-60adcce\" class=\"twae-repeater-item twae-story swiper-slide twae-story-icon twae-position-40-50\"><div class=\"twae-story-line\"><\/div><div class=\"twae-labels\">\r\n                       <div class=\"twae-label-big\">VIIKKO 2<\/div><div class=\"twae-label-small\">H\u00e4\u00e4t\u00f6teht\u00e4v\u00e4<\/div>\r\n                     <\/div><div class=\"twae-arrow\"><\/div><div class=\"twae-icon\"><i aria-hidden=\"true\" class=\"fas fa-eye\"><\/i><\/div><div class=\"twae-content\"><div class=\"twae-media medium\"><img width=\"300\" height=\"169\" src=\"https:\/\/bb.tepish.net\/22\/wp-content\/uploads\/2022\/03\/big_brother_suomi_kausi_5_logo-300x169.jpg\" class=\"attachment-medium size-medium\" alt=\"\" loading=\"lazy\" srcset=\"https:\/\/bb.tepish.net\/22\/wp-content\/uploads\/2022\/03\/big_brother_suomi_kausi_5_logo-300x169.jpg 300w, https:\/\/bb.tepish.net\/22\/wp-content\/uploads\/2022\/03\/big_brother_suomi_kausi_5_logo-1024x576.jpg 1024w, https:\/\/bb.tepish.net\/22\/wp-content\/uploads\/2022\/03\/big_brother_suomi_kausi_5_logo-768x432.jpg 768w, https:\/\/bb.tepish.net\/22\/wp-content\/uploads\/2022\/03\/big_brother_suomi_kausi_5_logo-1536x864.jpg 1536w, https:\/\/bb.tepish.net\/22\/wp-content\/uploads\/2022\/03\/big_brother_suomi_kausi_5_logo-2048x1152.jpg 2048w\" sizes=\"(max-width: 300px) 100vw, 300px\" \/><\/div><div class=\"twae-title\">Teht\u00e4v\u00e4n kuvaus<\/div>\r\n                    <div class=\"twae-description\"><p>Asukkaiden pit\u00e4\u00e4 seist\u00e4 laudalla ja samalla tasapainoitella py\u00f6re\u00e4n tason p\u00e4\u00e4ll\u00e4 palloja.<\/p><p>Palloja lis\u00e4t\u00e4\u00e4n isoveljen k\u00e4skyst\u00e4 ja maksimissa 4 palloa.<\/p><p>Toista tuntia kest\u00e4neen kisan keskeytt\u00e4\u00e4 Big Brother joka julistaa j\u00e4ljell\u00e4 olevat kisaajat voittajiksi.<\/p><p>Voittajat ovat Aleksi ja Heidi<\/p><p>He p\u00e4\u00e4sev\u00e4t vaikuttamaan nime\u00e4misen tulokseen ja tekem\u00e4\u00e4n lopullisen h\u00e4\u00e4d\u00f6ss\u00e4 olevien porukan.<\/p><\/div>                        \r\n                <\/div>\r\n        <\/div><\/div><\/div><\/div> <!-- Add Arrows -->\r\n            <div class=\"twae-button-prev\"><i class=\"fas fa-chevron-left\"><\/i><\/div>\r\n            <div class=\"twae-button-next\"><i class=\"fas fa-chevron-right\"><\/i><\/div>\r\n            <div class=\"twae-h-line\"><\/div>\r\n            <div class=\"twae-line-fill\"><\/div>\r\n<\/div><style type=\"text\/css\">.elementor-123 .elementor-element.elementor-element-cb74bf2 .twae-wrapper.twae-vertical .twae-story{margin-bottom:60px!important}.elementor-123 .elementor-element.elementor-element-cb74bf2 .twae-wrapper{--tw-cbx-title-color:#6F51BA;}.elementor-123 .elementor-element.elementor-element-cb74bf2 .twae-wrapper{--tw-lbl-big-color:#620EBF;}.elementor-123 .elementor-element.elementor-element-cb74bf2 .twae-wrapper{--tw-lbl-small-color:#815F5F;}.elementor-123 .elementor-element.elementor-element-cb74bf2 .twae-wrapper{--tw-cbx-des-color:#000000;}.elementor-123 .elementor-element.elementor-element-cb74bf2 .twae-wrapper{--tw-ibx-bg:#5B1FA5;}.elementor-123 .elementor-element.elementor-element-cb74bf2 .twae-wrapper{--tw-cbx-bg:#95D5F3}.elementor-123 .elementor-element.elementor-element-cb74bf2 .twae-wrapper{--tw-line-bg:#7245AA}<\/style>\t\t<\/div>\n\t\t\t\t<\/div>\n\t\t\t\t\t<\/div>\n\t\t<\/div>\n\t\t\t\t\t\t\t<\/div>\n\t\t<\/section>\n\t\t\t\t\t\t\t<\/div>\n\t\t","protected":false},"excerpt":{"rendered":"<p>4.9.2022 VIIKKO 2 Toinen viikko alkaa VIIKKO ALKAA UUSILLA ASUKKAILLA P\u00c4IV\u00c4 1 TAPAHTUMAA UUSI VIIKKO BB TALOSSA Aamun juonien j\u00e4lkeen tulee her\u00e4tys ja patterin vaihto. Kauppateht\u00e4v\u00e4 alkaa iltap\u00e4iv\u00e4ll\u00e4 Samalla uudet asukkaat ilmestyv\u00e4t pihalle Rakentaminen jatkuu y\u00f6h\u00f6n saakka Rakentamisen ohessa juonitaan niin ty\u00f6maa kopissa, kuin muuallakin. P\u00c4IV\u00c4 2 TAPHTUMAA TY\u00d6T\u00c4 RIITT\u00c4\u00c4 Rakentaminen jatkuu ja huvimaja nousee pystyyn. Iltap\u00e4iv\u00e4ll\u00e4 rakentaminen p\u00e4\u00e4ttyy ja [&hellip;]<\/p>\n","protected":false},"author":1,"featured_media":0,"parent":0,"menu_order":0,"comment_status":"closed","ping_status":"closed","template":"","meta":[],"_links":{"self":[{"href":"https:\/\/bb.tepish.net\/22\/index.php\/wp-json\/wp\/v2\/pages\/123"}],"collection":[{"href":"https:\/\/bb.tepish.net\/22\/index.php\/wp-json\/wp\/v2\/pages"}],"about":[{"href":"https:\/\/bb.tepish.net\/22\/index.php\/wp-json\/wp\/v2\/types\/page"}],"author":[{"embeddable":true,"href":"https:\/\/bb.tepish.net\/22\/index.php\/wp-json\/wp\/v2\/users\/1"}],"replies":[{"embeddable":true,"href":"https:\/\/bb.tepish.net\/22\/index.php\/wp-json\/wp\/v2\/comments?post=123"}],"version-history":[{"count":20,"href":"https:\/\/bb.tepish.net\/22\/index.php\/wp-json\/wp\/v2\/pages\/123\/revisions"}],"predecessor-version":[{"id":486,"href":"https:\/\/bb.tepish.net\/22\/index.php\/wp-json\/wp\/v2\/pages\/123\/revisions\/486"}],"wp:attachment":[{"href":"https:\/\/bb.tepish.net\/22\/index.php\/wp-json\/wp\/v2\/media?parent=123"}],"curies":[{"name":"wp","href":"https:\/\/api.w.org\/{rel}","templated":true}]}}