{"id":906,"date":"2022-11-27T23:40:14","date_gmt":"2022-11-27T21:40:14","guid":{"rendered":"https:\/\/bb.tepish.net\/22\/?page_id=906"},"modified":"2022-11-27T23:40:14","modified_gmt":"2022-11-27T21:40:14","slug":"tama-sivusto-oli","status":"publish","type":"page","link":"https:\/\/bb.tepish.net\/22\/","title":{"rendered":"T\u00c4M\u00c4 SIVUSTO OLI.."},"content":{"rendered":"\n<p>BIG Brother Suomi 2022 kauden tepish.net fanisivusto.<\/p>\n\n\n\n<p>Sivuston tarkoituksena on ollut seurata kauden kulkua mahdollisimman realiajassa, mutta valitettavasti t\u00e4m\u00e4n kauden aikana on ollut useita h\u00e4iri\u00f6tekij\u00f6it\u00e4. Seuraamisessa on ollut monesta eri syyst\u00e4 viivett\u00e4 ja osaa tapahtumista ei ole pystynyt realiaikaisena seuraamaan, ainakaan 100% &#8230; Kauden seuraamista on haitannut mm. yksi laiva risteily, jonka tuliaisena seuraava kaksi viikkoa kului koronaa sairastaessa. Kuume ja p\u00f6p\u00f6 huurussa kuuntelin eritoten kohtaa, jossa Saara Aalto oli talossa, toki onneksi siin\u00e4 sai paljon kuuntelemallakin ja t\u00e4m\u00e4 kohta sulostutti sairastelun huurua ja auttoi jaksamaan p\u00f6p\u00f6n voittamisessa.<\/p>\n\n\n\n<p>Kausi on nyt 27.11.2022 kello 23 j\u00e4lkeen laitettu lopullisesti pakettiin, kauden p\u00e4\u00e4ttyess\u00e4 isoveljen ja V\u00e4in\u00f6 tontun keskusteluun:<\/p>\n\n\n\n<p>BB:&#8221;hiljaista vihdoinkin&#8221; <\/p>\n\n\n\n<p>V\u00e4in\u00f6:&#8221;Olipas isoveikka aikamoinen ilta&#8221; <\/p>\n\n\n\n<p>V\u00e4in\u00f6:&#8221;pit\u00e4isik\u00f6 meid\u00e4nkin ottaa pikkaisen teet\u00e4&#8221;<\/p>\n\n\n\n<p>BB:&#8221;V\u00e4in\u00f6 mene nukkumaan&#8221; &#8212; Valot sammuivat ja kuului viel\u00e4 v\u00e4in\u00f6n &#8220;hei hei kaikille&#8221;<\/p>\n\n\n\n<p>Sitten kamerat napsahtivat poikki ja kausi oli laitettu pakettiin. Somen mukaan n\u00e4m\u00e4 viimeiset minuutit olivat kauden parhaat hetket. Itsekkin pid\u00e4n t\u00e4t\u00e4 eritt\u00e4in onnistuneena lopetuksena, mutta n\u00e4en koko kaudessakin hyvi\u00e4kin hetki\u00e4, vaikka jotkin asiat eiv\u00e4t ihan menneet parhain p\u00e4in.<\/p>\n\n\n\n<figure class=\"wp-block-image size-large\"><img loading=\"lazy\" width=\"1024\" height=\"576\" src=\"https:\/\/bb.tepish.net\/22\/wp-content\/uploads\/2022\/11\/IMG_20221126_161339-1024x576.jpg\" alt=\"\" class=\"wp-image-907\" srcset=\"https:\/\/bb.tepish.net\/22\/wp-content\/uploads\/2022\/11\/IMG_20221126_161339-1024x576.jpg 1024w, https:\/\/bb.tepish.net\/22\/wp-content\/uploads\/2022\/11\/IMG_20221126_161339-300x169.jpg 300w, https:\/\/bb.tepish.net\/22\/wp-content\/uploads\/2022\/11\/IMG_20221126_161339-768x432.jpg 768w, https:\/\/bb.tepish.net\/22\/wp-content\/uploads\/2022\/11\/IMG_20221126_161339-1536x864.jpg 1536w, https:\/\/bb.tepish.net\/22\/wp-content\/uploads\/2022\/11\/IMG_20221126_161339-2048x1152.jpg 2048w\" sizes=\"(max-width: 1024px) 100vw, 1024px\" \/><figcaption><strong>SUOMEN YKK\u00d6SKUUSEN MY\u00d6T\u00c4 TEPISH.NET TOIVOTTAA KAIKILLE SIVUILLA K\u00c4VIJ\u00d6ILLE HYV\u00c4\u00c4 JOULUA JA EHK\u00c4 N\u00c4HD\u00c4\u00c4N J\u00c4LLEEN SEURAAVAN KAUDEN MERKEISS\u00c4.<\/strong><\/figcaption><\/figure>\n","protected":false},"excerpt":{"rendered":"<p>BIG Brother Suomi 2022 kauden tepish.net fanisivusto. Sivuston tarkoituksena on ollut seurata kauden kulkua mahdollisimman realiajassa, mutta valitettavasti t\u00e4m\u00e4n kauden aikana on ollut useita h\u00e4iri\u00f6tekij\u00f6it\u00e4. Seuraamisessa on ollut monesta eri syyst\u00e4 viivett\u00e4 ja osaa tapahtumista ei ole pystynyt realiaikaisena seuraamaan, ainakaan 100% &#8230; Kauden seuraamista on haitannut mm. yksi laiva risteily, jonka tuliaisena seuraava kaksi viikkoa kului koronaa sairastaessa. Kuume [&hellip;]<\/p>\n","protected":false},"author":1,"featured_media":0,"parent":0,"menu_order":0,"comment_status":"closed","ping_status":"closed","template":"","meta":[],"_links":{"self":[{"href":"https:\/\/bb.tepish.net\/22\/index.php\/wp-json\/wp\/v2\/pages\/906"}],"collection":[{"href":"https:\/\/bb.tepish.net\/22\/index.php\/wp-json\/wp\/v2\/pages"}],"about":[{"href":"https:\/\/bb.tepish.net\/22\/index.php\/wp-json\/wp\/v2\/types\/page"}],"author":[{"embeddable":true,"href":"https:\/\/bb.tepish.net\/22\/index.php\/wp-json\/wp\/v2\/users\/1"}],"replies":[{"embeddable":true,"href":"https:\/\/bb.tepish.net\/22\/index.php\/wp-json\/wp\/v2\/comments?post=906"}],"version-history":[{"count":1,"href":"https:\/\/bb.tepish.net\/22\/index.php\/wp-json\/wp\/v2\/pages\/906\/revisions"}],"predecessor-version":[{"id":908,"href":"https:\/\/bb.tepish.net\/22\/index.php\/wp-json\/wp\/v2\/pages\/906\/revisions\/908"}],"wp:attachment":[{"href":"https:\/\/bb.tepish.net\/22\/index.php\/wp-json\/wp\/v2\/media?parent=906"}],"curies":[{"name":"wp","href":"https:\/\/api.w.org\/{rel}","templated":true}]}}